{"id":1589,"date":"2025-09-21T12:31:51","date_gmt":"2025-09-21T10:31:51","guid":{"rendered":"https:\/\/unlivre-unreve.fr\/?page_id=1589"},"modified":"2025-09-21T12:40:37","modified_gmt":"2025-09-21T10:40:37","slug":"participation-au-concours-loquirec","status":"publish","type":"page","link":"https:\/\/unlivre-unreve.fr\/index.php\/participation-au-concours-loquirec\/","title":{"rendered":"Participation au concours Loquirec"},"content":{"rendered":"\t\t<div data-elementor-type=\"wp-page\" data-elementor-id=\"1589\" class=\"elementor elementor-1589\">\n\t\t\t\t<div class=\"elementor-element elementor-element-7cc868a e-flex e-con-boxed e-con e-parent\" data-id=\"7cc868a\" data-element_type=\"container\">\n\t\t\t\t\t<div class=\"e-con-inner\">\n\t\t\t\t<div class=\"elementor-element elementor-element-1949398 elementor-widget elementor-widget-text-editor\" data-id=\"1949398\" data-element_type=\"widget\" data-widget_type=\"text-editor.default\">\n\t\t\t\t<div class=\"elementor-widget-container\">\n\t\t\t\t\t\t\t\t\t<p style=\"text-align: center;\"><span style=\"text-decoration: underline;\">&#8220;Ce livre avait chang\u00e9 le cours de ma vie&#8230;&#8221;<\/span><\/p>\t\t\t\t\t\t\t\t<\/div>\n\t\t\t\t<\/div>\n\t\t\t\t<div class=\"elementor-element elementor-element-2c2fa1f elementor-widget elementor-widget-text-editor\" data-id=\"2c2fa1f\" data-element_type=\"widget\" data-widget_type=\"text-editor.default\">\n\t\t\t\t<div class=\"elementor-widget-container\">\n\t\t\t\t\t\t\t\t\t<p>\u00ab O\u00f9 suis-je ? Ou plut\u00f4t qui suis-je ? \u00bb. \u00c9trange matin o\u00f9 -\u00e0 l\u2019instar d\u2019une fi\u00e8vre- ces mots me r\u00e9veillent au moment m\u00eame o\u00f9 ils s\u2019\u00e9chappent de mes l\u00e8vres. Tourbillon de doutes, bribes de r\u00eave \u00e9chevel\u00e9&#8230; Le vent du sommeil a souffl\u00e9 !<br \/>La rescap\u00e9e \u00e9prouv\u00e9e sait qu\u2019elle doit convoquer ses sens pour \u00e9claircir ses pens\u00e9es. Oreiller coll\u00e9 contre la poitrine, je touche mes draps bleus, le moelleux et le froiss\u00e9 exhalent cette odeur douce et charnelle n\u00e9e du bouillonnement chaud de la nuit. Alors, soudain, tout me revient : la veilleuse allum\u00e9e, les heures claires-obscures emplies de mots lus avec avidit\u00e9, d\u00e9vor\u00e9s avec passion et patience, le murmure lent des pages, la r\u00e9sonance dans le c\u0153ur&#8230;.<br \/>Je sens ma main se poser d\u2019instinct \u00e0 l\u2019endroit pr\u00e9cis o\u00f9 des battements d\u00e9sordonn\u00e9s l\u2019\u00e9treignent, ce faisant, je jauge l\u2019instant comme il se doit car, l\u2019amoureuse l\u2019a appris, quand le corps parle -palpitations myst\u00e9rieuses \u00e0 l\u2019appui- c\u2019est qu\u2019il nous avertit que quelque chose d\u2019important se produit.<br \/>L\u2019ouvrage responsable de mes chamboulements s\u2019offre \u00e0 ma vue, ouvert sur l\u2019oc\u00e9an de mon lit, la page \u00e9lue, gard\u00e9e et retenue par un signet fleuri :<\/p><p style=\"text-align: center;\"><em>\u00ab Un grand livre commence longtemps avant le livre. Un livre est grand par la grandeur du d\u00e9sespoir dont il proc\u00e8de, par toute cette nuit qui p\u00e8se sur lui et le retient longtemps de na\u00eetre. \u00bb<\/em><\/p><p style=\"text-align: left;\">Quel est ce prodige r\u00e9v\u00e9l\u00e9 ? En quoi et pourquoi m\u2019\u00e9tait-il destin\u00e9 ?<br \/>On trouve parfois dans les livres une phrase qui semble n\u2019avoir \u00e9t\u00e9 \u00e9crite que pour nous&#8230; Co\u00efncidence ? Synchronicit\u00e9 ? Magie ? Qui peut dire ?<br \/>Les livres, nous croyons les choisir, mais si c\u2019\u00e9tait eux qui nous choisissaient ? Pens\u00e9e enchant\u00e9e. Gloire \u00e0 ces livres qui savent nous trouver, comme pr\u00e9destin\u00e9s \u00e0 nous tomber dans les mains, sachant pr\u00e9cis\u00e9ment quoi nous apporter et \u00e0 quel moment. Ils fleurissent nos chemins en semant les bons mots. Ils \u00e9clairent notre parcours en y d\u00e9posant des pens\u00e9es phares. Il est impossible que ces lectures soient le fruit du hasard !<br \/><br \/>Ce soir-l\u00e0, dans la montagne de livres tr\u00f4nant au-dessus de ma t\u00eate de lit, j\u2019avais cru choisir <strong>ce livre qui avait chang\u00e9 le cours de ma vie<\/strong>&#8230; : \u00ab <em>Une petite robe de f\u00eate<\/em> \u00bb, belle parure et cerceau de mots pour accompagner le bal inou\u00ef d\u2019une vie destin\u00e9e \u00e0 virevolter ! Livre lu jeune fille et relu, femme. Entre ces deux soirs, vingt ans d\u2019\u00e9cart ! Mais pas seulement&#8230; Puisqu\u2019entre ces deux interstices, j\u2019avais rencontr\u00e9 ma Part manquante et j\u2019avais \u00e9crit un livre !<br \/>A ce jour, il dort \u00e0 l\u2019\u00e9tat de manuscrit, il attend son heure ou plut\u00f4t son printemps, sagement. Follement aussi car il est la preuve tangible que quelque chose a chang\u00e9. Je me suis couch\u00e9e lectrice et un beau jour, je me suis r\u00e9veill\u00e9e \u00e9crivaine ! Voil\u00e0 ce que mon c\u0153ur me rappelle en ce matin temp\u00e9tueux.<br \/><br \/>La dormance est un \u00e9tat plus riche qu\u2019il n\u2019y para\u00eet ! Oui, car c\u2019est comme si j\u2019avais dormi sur cette pens\u00e9e pendant des ann\u00e9es &#8211; m\u00e9tamorphose silencieuse se tissant dans le secret de mes nuits- et la voil\u00e0 qui m\u2019avait r\u00e9veill\u00e9e un jour avec les sensations inh\u00e9rentes au sortir du cocon.<br \/>Je me sentais pousser des ailes dans tous les sens du terme ! D\u00e9sireuse de conna\u00eetre toutes les envol\u00e9es de cette Grande vie comme l\u2019appelle Christian Bobin !<br \/><br \/>Combien de chemins, d\u2019arborescences possibles gr\u00e2ce aux livres ! \u00c2me de papillon&#8230; Qui n\u2019a pas connu ces incroyables sensations ? Les livres qui font basculer nos vies sont ceux qui nous rappellent combien la vie est fragile, pr\u00e9cieuse, belle, \u00e9ph\u00e9m\u00e8re&#8230; Les livres qui nous touchent nous font passer \u00e0 l\u2019action, effet imm\u00e9diat ou \u00e0 retardement, peu importe le tremplin est si puissant qu\u2019ils nous donnent l\u2019\u00e9lan pour donner \u00e0 nos r\u00eaves un pur rayonnement !<br \/>Et ce n\u2019est pas tout, car \u00e0 cela s\u2019ajoute une seconde option &#8211; en tout cas chez moi ! &#8211; : quand un livre particulier vient me percuter, me rappeler d\u2019exister, c\u2019est-\u00e0-dire de vivre vrai, cela se d\u00e9cline en deux possibilit\u00e9s :<br \/>1. Il change ma vie ;<br \/>2. Il me sauve.<br \/><br \/><\/p><p>Je ne mentirai pas en vous disant que j\u2019ai connu ces deux cas. Il existe de nombreux sauvetages possibles, la polys\u00e9mie du mot est \u00e0 l\u2019image des mille et une r\u00e9g\u00e9n\u00e9rations puisables au c\u0153ur des ouvrages.<br \/>On a tous dans le c\u0153ur un livre dont le secours rel\u00e8ve du providentiel.<br \/>\u00ab <em>Je l\u2019aimais<\/em> \u00bb d\u2019Anna Gavalda, en bonne \u00e9toile, brille dans mon ciel de lectrice. Ce livre venu me prendre la main dans une librairie de Bretagne, s\u2019invitant dans ma chambre au cr\u00e9puscule, a r\u00e9pandu au c\u0153ur de la nuit cette magie si sp\u00e9ciale -vous savez- empreinte d\u2019une fascination telle qu\u2019il vous est impossible de le refermer sans \u00eatre all\u00e9 au bout de la lecture, de l\u2019aventure&#8230;<br \/>Ce soir-l\u00e0, dans ma Belle-Isle-en-mer, si ce livre envo\u00fbtant ne m\u2019avait pas tenu en haleine, j\u2019aurais p\u00e9ri dans un incendie.<\/p><p>\u00ab<em> Peu de livres changent une vie. Quand ils la changent c&#8217;est pour toujours, des portes s\u2019ouvrent que l\u2019on ne soup\u00e7onnait pas, on entre et on ne reviendra plus en arri\u00e8re.<\/em> \u00bb<\/p><p>Hier, je lisais. Aujourd\u2019hui, je lis et j\u2019\u00e9cris. Je participe m\u00eame \u00e0 un concours !<br \/>Dans tous ces \u00e9lans, l\u2019espoir est l\u00e0 ; c\u2019est lui qui provoque la chance.<br \/>Les grands changements s\u2019op\u00e8rent dans les c\u0153urs pr\u00eats \u00e0 les recevoir.<\/p>\t\t\t\t\t\t\t\t<\/div>\n\t\t\t\t<\/div>\n\t\t\t\t\t<\/div>\n\t\t\t\t<\/div>\n\t\t\t\t<\/div>\n\t\t","protected":false},"excerpt":{"rendered":"<p>&#8220;Ce livre avait chang\u00e9 le cours de ma vie&#8230;&#8221; \u00ab O\u00f9 suis-je ? Ou plut\u00f4t qui suis-je ? \u00bb. \u00c9trange [&hellip;]<\/p>\n","protected":false},"author":1,"featured_media":0,"parent":0,"menu_order":0,"comment_status":"closed","ping_status":"closed","template":"","meta":{"_acf_changed":false,"site-sidebar-layout":"no-sidebar","site-content-layout":"","ast-site-content-layout":"full-width-container","site-content-style":"default","site-sidebar-style":"default","ast-global-header-display":"","ast-banner-title-visibility":"","ast-main-header-display":"","ast-hfb-above-header-display":"","ast-hfb-below-header-display":"","ast-hfb-mobile-header-display":"","site-post-title":"disabled","ast-breadcrumbs-content":"","ast-featured-img":"disabled","footer-sml-layout":"","theme-transparent-header-meta":"","adv-header-id-meta":"","stick-header-meta":"","header-above-stick-meta":"","header-main-stick-meta":"","header-below-stick-meta":"","astra-migrate-meta-layouts":"default","ast-page-background-enabled":"default","ast-page-background-meta":{"desktop":{"background-color":"var(--ast-global-color-4)","background-image":"","background-repeat":"repeat","background-position":"center center","background-size":"auto","background-attachment":"scroll","background-type":"","background-media":"","overlay-type":"","overlay-color":"","overlay-opacity":"","overlay-gradient":""},"tablet":{"background-color":"","background-image":"","background-repeat":"repeat","background-position":"center center","background-size":"auto","background-attachment":"scroll","background-type":"","background-media":"","overlay-type":"","overlay-color":"","overlay-opacity":"","overlay-gradient":""},"mobile":{"background-color":"","background-image":"","background-repeat":"repeat","background-position":"center center","background-size":"auto","background-attachment":"scroll","background-type":"","background-media":"","overlay-type":"","overlay-color":"","overlay-opacity":"","overlay-gradient":""}},"ast-content-background-meta":{"desktop":{"background-color":"var(--ast-global-color-5)","background-image":"","background-repeat":"repeat","background-position":"center center","background-size":"auto","background-attachment":"scroll","background-type":"","background-media":"","overlay-type":"","overlay-color":"","overlay-opacity":"","overlay-gradient":""},"tablet":{"background-color":"var(--ast-global-color-5)","background-image":"","background-repeat":"repeat","background-position":"center center","background-size":"auto","background-attachment":"scroll","background-type":"","background-media":"","overlay-type":"","overlay-color":"","overlay-opacity":"","overlay-gradient":""},"mobile":{"background-color":"var(--ast-global-color-5)","background-image":"","background-repeat":"repeat","background-position":"center center","background-size":"auto","background-attachment":"scroll","background-type":"","background-media":"","overlay-type":"","overlay-color":"","overlay-opacity":"","overlay-gradient":""}},"footnotes":""},"class_list":["post-1589","page","type-page","status-publish","hentry"],"acf":[],"_links":{"self":[{"href":"https:\/\/unlivre-unreve.fr\/index.php\/wp-json\/wp\/v2\/pages\/1589","targetHints":{"allow":["GET"]}}],"collection":[{"href":"https:\/\/unlivre-unreve.fr\/index.php\/wp-json\/wp\/v2\/pages"}],"about":[{"href":"https:\/\/unlivre-unreve.fr\/index.php\/wp-json\/wp\/v2\/types\/page"}],"author":[{"embeddable":true,"href":"https:\/\/unlivre-unreve.fr\/index.php\/wp-json\/wp\/v2\/users\/1"}],"replies":[{"embeddable":true,"href":"https:\/\/unlivre-unreve.fr\/index.php\/wp-json\/wp\/v2\/comments?post=1589"}],"version-history":[{"count":10,"href":"https:\/\/unlivre-unreve.fr\/index.php\/wp-json\/wp\/v2\/pages\/1589\/revisions"}],"predecessor-version":[{"id":1599,"href":"https:\/\/unlivre-unreve.fr\/index.php\/wp-json\/wp\/v2\/pages\/1589\/revisions\/1599"}],"wp:attachment":[{"href":"https:\/\/unlivre-unreve.fr\/index.php\/wp-json\/wp\/v2\/media?parent=1589"}],"curies":[{"name":"wp","href":"https:\/\/api.w.org\/{rel}","templated":true}]}}