{"id":319,"date":"2025-01-09T16:18:59","date_gmt":"2025-01-09T15:18:59","guid":{"rendered":"https:\/\/unlivre-unreve.fr\/?page_id=319"},"modified":"2025-03-09T11:32:10","modified_gmt":"2025-03-09T10:32:10","slug":"au-coeur-de-la-vague","status":"publish","type":"page","link":"https:\/\/unlivre-unreve.fr\/index.php\/au-coeur-de-la-vague\/","title":{"rendered":"Au coeur de la vague"},"content":{"rendered":"\n<p class=\"has-text-align-center has-vivid-purple-color has-text-color has-link-color has-medium-font-size wp-elements-34465b93698212a06c670e24917e77a7\"><br><strong>Au coeur de la vague<\/strong><\/p>\n\n\n\n<p class=\"has-text-align-left has-vivid-cyan-blue-color has-text-color has-link-color wp-elements-bdbe6c4ca3146078894d0ccfceb8b723\">\u00ab J\u2019ai besoin de courage, l&#8217;oc\u00e9an o\u00f9 je nage semble n&#8217;en plus finir<br>Allume-moi ton phare et m\u00e8ne-moi au hasard vers un monde meilleur \u00bb<\/p>\n\n\n\n<p class=\"has-text-align-left has-vivid-cyan-blue-color has-text-color has-link-color wp-elements-8804d66fb89118c9fa5e32d48a71a738\" style=\"line-height:0\"><strong>Viens avec moi, Gr\u00e9goire<\/strong><\/p>\n\n\n\n<p class=\"has-text-align-center has-vivid-cyan-blue-color has-text-color has-link-color wp-elements-9dd73de564588460a1da57d1dfcf741c\">\u00ab \u00catre amoureux, c\u2019est l\u2019\u00eatre vaguement \u00bb<\/p>\n\n\n\n<p class=\"has-text-align-right has-vivid-cyan-blue-color has-text-color has-link-color wp-elements-1883ae8f4ec1b4c38105217cb720031d\" style=\"line-height:0\"><strong>Geai, Christian Bobin<\/strong><\/p>\n\n\n\n<p class=\"has-vivid-purple-color has-text-color has-link-color has-medium-font-size wp-elements-0850736dc5389af2c02b819cd6bd1e2e\">ELLE<\/p>\n\n\n\n<p class=\"has-ast-global-color-8-color has-text-color has-link-color wp-elements-bf7a95f044cc268f9a8409df5154463d\">Oui, il y a bien une histoire de vagues dans cet \u00e9tat si particulier. Des vagues chaudes \u00e0 la douceur fracassante. Celles que l\u2019on ressent \u00e0 la vue de l\u2019\u00eatre aim\u00e9 ou m\u00eame juste \u00e0 sa pens\u00e9e\u2026<\/p>\n\n\n\n<p class=\"has-ast-global-color-8-color has-text-color has-link-color wp-elements-207e4c6fe2703b339433bf93b7cadcf2\"><br>Elles s\u2019entrechoquent dans notre c\u0153ur.<\/p>\n\n\n\n<p class=\"has-ast-global-color-8-color has-text-color has-link-color wp-elements-5424ff04bba39d2b7428194b52e7c6f6\"><br>Amoureuse.<\/p>\n\n\n\n<p class=\"has-ast-global-color-8-color has-text-color has-link-color wp-elements-e86d4f2d72729861a8fb623798e8d58e\"><br>Cette envie de vous \u00e9crire est n\u00e9e sous l&#8217;\u00e9toile d&#8217;une alchimie.<\/p>\n\n\n\n<p class=\"has-ast-global-color-8-color has-text-color has-link-color wp-elements-e9db427ff4e025218c9251fb8c2756b6\"><br>Nous l&#8217;avons d\u00e9couverte ensemble.<\/p>\n\n\n\n<p class=\"has-ast-global-color-8-color has-text-color has-link-color wp-elements-da847ebb4bb90c29f8ce243fd8d3a624\"><br>Pourtant chacun s\u00e9par\u00e9ment.<\/p>\n\n\n\n<p class=\"has-ast-global-color-8-color has-text-color has-link-color wp-elements-1d71704f245d666c16bf2727c28bb464\"><br>Et pas \u00e0 pas.<\/p>\n\n\n\n<p class=\"has-ast-global-color-8-color has-text-color has-link-color wp-elements-b41d69babcad6ef12bae26e155e6b7f8\"><br>Ce myst\u00e8re nous appartient autant qu&#8217;il nous \u00e9chappe.<\/p>\n\n\n\n<p class=\"has-ast-global-color-8-color has-text-color has-link-color wp-elements-369adc3d253d292bad446cd2e4c5f06b\"><br>Il nous comble et nous brise dans un seul et m\u00eame mouvement. Comme une vague.<\/p>\n\n\n\n<p class=\"has-ast-global-color-8-color has-text-color has-link-color wp-elements-f1703347de2c670d9e5e7acbae95c1cc\"><br>A lame. A l\u2019\u00e2me\u2026<\/p>\n\n\n\n<p class=\"has-ast-global-color-8-color has-text-color has-link-color wp-elements-4d858a7cb3b703460f210febcfa53572\"><br>Vivre la tourmente d&#8217;un amour est sans fond.<\/p>\n\n\n\n<p class=\"has-ast-global-color-8-color has-text-color has-link-color wp-elements-9a1a2b18809fe98c56cf36f51510d7e0\">Conna\u00eetre ce ressac des mots qui vont et viennent, essayer d\u2019amadouer ces courants puissants, submergeant. Ou subir de plein fouet l\u2019adr\u00e9naline de ces \u00e9tranges rouleaux porteurs d\u2019effrois merveilleux. Tangage, chavirement des c\u0153urs.<br><br>Mots sens dessus- dessous cherchant \u00e0 s&#8217;extirper des profondeurs m\u00eames de mes entrailles avec cet urgent besoin de s\u2019e(A)ncrer.<br><br>Naufrag\u00e9e ?<br><br>Oui mais qui garde l\u2019espoir.<br><br>Celui de rejoindre mon \u00eele. IL\u2026<br><br>En m\u2019emportant dans l\u2019oc\u00e9an clair de son regard, &#8211; qu\u2019il le veuille ou non-, il a fait de moi une navigatrice ail\u00e9e. La temp\u00eate a beau ab\u00eemer mes ailes, quand je d\u00e9ploie toute la panoplie de mes plumes, la magie de l\u2019\u00e9criture me sauve. \u00d4 la belle fugue dans un voyage infini !<\/p>\n\n\n\n<p class=\"has-vivid-cyan-blue-color has-text-color has-link-color has-medium-font-size wp-elements-0d4efb1da558f9083126f6570cfcc582\">IL<\/p>\n\n\n\n<p class=\"has-ast-global-color-8-color has-text-color has-link-color wp-elements-90cbcb21efba8d886b601c2637780b8f\">Amoureux.<\/p>\n\n\n\n<p class=\"has-ast-global-color-8-color has-text-color has-link-color wp-elements-393c25a1b769ad8e2a4ccf572c592cad\"><br>Toute pens\u00e9e li\u00e9e \u00e0 elle me remue sans m\u00e9nagement.<\/p>\n\n\n\n<p class=\"has-ast-global-color-8-color has-text-color has-link-color wp-elements-8adf5fe58853a86f881c4c4e05ad74f6\"><br>J&#8217;adore ressentir les vagues d\u00e9ferlantes de cet \u00e9tat de gr\u00e2ce, les voir venir vers mon rivage puis y \u00eatre pris au c\u0153ur.<\/p>\n\n\n\n<p class=\"has-ast-global-color-8-color has-text-color has-link-color wp-elements-a53b2fde156a085ee619c8922f42c502\"><br>Ma renversante, vous \u00eates \u00e0 l\u2019origine de tous mes mots de mer.<\/p>\n\n\n\n<p class=\"has-ast-global-color-8-color has-text-color has-link-color wp-elements-7fe728a00cb92195e5aa6d12d6103d83\"><br>Vous incarnez la sir\u00e8ne de mes r\u00eaves iod\u00e9s.<\/p>\n\n\n\n<p class=\"has-ast-global-color-8-color has-text-color has-link-color wp-elements-4115de8d60c4d0a71abf338bd93023cc\"><br>Unique, point d\u2019\u00e9cailles. Juste ailes. ELLE\u2026<\/p>\n\n\n\n<p class=\"has-ast-global-color-8-color has-text-color has-link-color wp-elements-8eeb8820905add3ead016b48387f8ce1\"><br>Sans elle, point d\u2019ailes.<br><br><\/p>\n","protected":false},"excerpt":{"rendered":"<p>Au coeur de la vague \u00ab J\u2019ai besoin de courage, l&#8217;oc\u00e9an o\u00f9 je nage semble n&#8217;en plus finirAllume-moi ton phare [&hellip;]<\/p>\n","protected":false},"author":1,"featured_media":0,"parent":0,"menu_order":0,"comment_status":"closed","ping_status":"closed","template":"","meta":{"_acf_changed":false,"site-sidebar-layout":"default","site-content-layout":"","ast-site-content-layout":"","site-content-style":"default","site-sidebar-style":"default","ast-global-header-display":"","ast-banner-title-visibility":"","ast-main-header-display":"","ast-hfb-above-header-display":"","ast-hfb-below-header-display":"","ast-hfb-mobile-header-display":"","site-post-title":"disabled","ast-breadcrumbs-content":"","ast-featured-img":"","footer-sml-layout":"","theme-transparent-header-meta":"","adv-header-id-meta":"","stick-header-meta":"","header-above-stick-meta":"","header-main-stick-meta":"","header-below-stick-meta":"","astra-migrate-meta-layouts":"default","ast-page-background-enabled":"default","ast-page-background-meta":{"desktop":{"background-color":"var(--ast-global-color-4)","background-image":"","background-repeat":"repeat","background-position":"center center","background-size":"auto","background-attachment":"scroll","background-type":"","background-media":"","overlay-type":"","overlay-color":"","overlay-opacity":"","overlay-gradient":""},"tablet":{"background-color":"","background-image":"","background-repeat":"repeat","background-position":"center center","background-size":"auto","background-attachment":"scroll","background-type":"","background-media":"","overlay-type":"","overlay-color":"","overlay-opacity":"","overlay-gradient":""},"mobile":{"background-color":"","background-image":"","background-repeat":"repeat","background-position":"center center","background-size":"auto","background-attachment":"scroll","background-type":"","background-media":"","overlay-type":"","overlay-color":"","overlay-opacity":"","overlay-gradient":""}},"ast-content-background-meta":{"desktop":{"background-color":"var(--ast-global-color-5)","background-image":"","background-repeat":"repeat","background-position":"center center","background-size":"auto","background-attachment":"scroll","background-type":"","background-media":"","overlay-type":"","overlay-color":"","overlay-opacity":"","overlay-gradient":""},"tablet":{"background-color":"var(--ast-global-color-5)","background-image":"","background-repeat":"repeat","background-position":"center center","background-size":"auto","background-attachment":"scroll","background-type":"","background-media":"","overlay-type":"","overlay-color":"","overlay-opacity":"","overlay-gradient":""},"mobile":{"background-color":"var(--ast-global-color-5)","background-image":"","background-repeat":"repeat","background-position":"center center","background-size":"auto","background-attachment":"scroll","background-type":"","background-media":"","overlay-type":"","overlay-color":"","overlay-opacity":"","overlay-gradient":""}},"footnotes":""},"class_list":["post-319","page","type-page","status-publish","hentry"],"acf":[],"_links":{"self":[{"href":"https:\/\/unlivre-unreve.fr\/index.php\/wp-json\/wp\/v2\/pages\/319","targetHints":{"allow":["GET"]}}],"collection":[{"href":"https:\/\/unlivre-unreve.fr\/index.php\/wp-json\/wp\/v2\/pages"}],"about":[{"href":"https:\/\/unlivre-unreve.fr\/index.php\/wp-json\/wp\/v2\/types\/page"}],"author":[{"embeddable":true,"href":"https:\/\/unlivre-unreve.fr\/index.php\/wp-json\/wp\/v2\/users\/1"}],"replies":[{"embeddable":true,"href":"https:\/\/unlivre-unreve.fr\/index.php\/wp-json\/wp\/v2\/comments?post=319"}],"version-history":[{"count":10,"href":"https:\/\/unlivre-unreve.fr\/index.php\/wp-json\/wp\/v2\/pages\/319\/revisions"}],"predecessor-version":[{"id":1392,"href":"https:\/\/unlivre-unreve.fr\/index.php\/wp-json\/wp\/v2\/pages\/319\/revisions\/1392"}],"wp:attachment":[{"href":"https:\/\/unlivre-unreve.fr\/index.php\/wp-json\/wp\/v2\/media?parent=319"}],"curies":[{"name":"wp","href":"https:\/\/api.w.org\/{rel}","templated":true}]}}