{"id":538,"date":"2025-01-11T15:59:44","date_gmt":"2025-01-11T14:59:44","guid":{"rendered":"https:\/\/unlivre-unreve.fr\/?page_id=538"},"modified":"2025-09-21T20:54:05","modified_gmt":"2025-09-21T18:54:05","slug":"a-contre-courant","status":"publish","type":"page","link":"https:\/\/unlivre-unreve.fr\/index.php\/a-contre-courant\/","title":{"rendered":"A contre courant"},"content":{"rendered":"\t\t<div data-elementor-type=\"wp-page\" data-elementor-id=\"538\" class=\"elementor elementor-538\">\n\t\t\t\t<div class=\"elementor-element elementor-element-43b7399 e-flex e-con-boxed e-con e-parent\" data-id=\"43b7399\" data-element_type=\"container\">\n\t\t\t\t\t<div class=\"e-con-inner\">\n\t\t\t\t<div class=\"elementor-element elementor-element-a4e288f elementor-widget elementor-widget-spacer\" data-id=\"a4e288f\" data-element_type=\"widget\" data-widget_type=\"spacer.default\">\n\t\t\t\t<div class=\"elementor-widget-container\">\n\t\t\t\t\t\t\t<div class=\"elementor-spacer\">\n\t\t\t<div class=\"elementor-spacer-inner\"><\/div>\n\t\t<\/div>\n\t\t\t\t\t\t<\/div>\n\t\t\t\t<\/div>\n\t\t\t\t<div class=\"elementor-element elementor-element-2f3f7791 elementor-widget elementor-widget-text-editor\" data-id=\"2f3f7791\" data-element_type=\"widget\" data-widget_type=\"text-editor.default\">\n\t\t\t\t<div class=\"elementor-widget-container\">\n\t\t\t\t\t\t\t\t\t<h4 class=\"has-ast-global-color-2-color has-text-color has-link-color\" style=\"text-align: center;\"><em><strong>A contre-courant<\/strong><\/em><\/h4>\n<p><!-- \/wp:paragraph --><!-- wp:paragraph {\"style\":{\"elements\":{\"link\":{\"color\":{\"text\":\"var:preset|color|ast-global-color-2\"}}}},\"textColor\":\"ast-global-color-2\"} --><\/p>\n<p><!-- \/wp:paragraph --><\/p>\t\t\t\t\t\t\t\t<\/div>\n\t\t\t\t<\/div>\n\t\t\t\t<div class=\"elementor-element elementor-element-0f48411 elementor-widget elementor-widget-text-editor\" data-id=\"0f48411\" data-element_type=\"widget\" data-widget_type=\"text-editor.default\">\n\t\t\t\t<div class=\"elementor-widget-container\">\n\t\t\t\t\t\t\t\t\t<p style=\"text-align: center;\">Je garde comme un talisman cette phrase de Jean d\u2019Ormesson qui accompagne ma plume dans mes heures d\u2019encrage<\/p>\t\t\t\t\t\t\t\t<\/div>\n\t\t\t\t<\/div>\n\t\t\t\t<div class=\"elementor-element elementor-element-95592fe elementor-widget elementor-widget-text-editor\" data-id=\"95592fe\" data-element_type=\"widget\" data-widget_type=\"text-editor.default\">\n\t\t\t\t<div class=\"elementor-widget-container\">\n\t\t\t\t\t\t\t\t\t<p style=\"text-align: center;\"><em>\u00ab\u00a0Beaucoup de gens\u00a0<\/em><em>arrivent chez les \u00e9diteurs et disent\u00a0: \u00ab J\u2019ai une histoire merveilleuse.\u00a0\u00bb<\/em><br \/><em>Mais ce ne sont pas les histoires merveilleuses qui font les \u00e9crivains,\u00a0<\/em><em>c\u2019est le style. \u00bb<\/em><\/p>\t\t\t\t\t\t\t\t<\/div>\n\t\t\t\t<\/div>\n\t\t\t\t<div class=\"elementor-element elementor-element-664cadc elementor-widget elementor-widget-text-editor\" data-id=\"664cadc\" data-element_type=\"widget\" data-widget_type=\"text-editor.default\">\n\t\t\t\t<div class=\"elementor-widget-container\">\n\t\t\t\t\t\t\t\t\t<p>Telle est la boussole confiante d\u2019une lectrice \u00e9perdue qui a bascul\u00e9 dans l\u2019\u00e9criture par amour et par intuition. L\u2019intuition que mes \u00e9crits transis pouvaient se partager, aider mais surtout faire vibrer ! L\u2019amour des mots surtout me guide. D\u2019abord, ce bonheur de les trouver, les choisir afin qu&#8217;ils s&#8217;alignent sur la note juste de mes pens\u00e9es ; puis les entrelacer, les parer, les envelopper, soigner le d\u00e9cor autour. J\u2019aime tant les manier, les brasser, les p\u00e9trir ! &#8230; Bref, dans l\u2019\u00e9criture, je me suis d\u00e9couverte une \u00e2me d&#8217;orpailleuse ! Mon originalit\u00e9 ? Proposer une \u00e9criture solidement ancr\u00e9e au monde \u00e9vanescent des r\u00eaves. J\u2019ai pour moi une sensibilit\u00e9 qui me permet de raconter, de cr\u00e9er dans un m\u00e9lange \u00e0 la fois \u00e9trange et familier d\u2019int\u00e9riorit\u00e9 doubl\u00e9 de m\u00e9ta-\u00e9criture, j\u2019avoue affectionner ce ph\u00e9nom\u00e8ne r\u00e9jouissant d\u2019embo\u00eetement : \u00ab l\u2019\u00e9criture au c\u0153ur de l\u2019\u00e9criture\u00a0\u00bb\u00a0!<br \/>Offrir un roman riche en nuances -entre r\u00eave et r\u00e9alit\u00e9- portant tout \u00e0 la fois l\u2019exigence et la simplicit\u00e9, de l\u2019ordre de l\u2019intime mais pourtant accessible \u00e0 tous et parlant \u00e0 chacun ; cet horizon est le mien !\u00a0<\/p>\n<p>Il y a longtemps que je fais le m\u00eame r\u00eave.<\/p>\n<p>Le r\u00eave qu&#8217;un jour je puisse faire r\u00eaver&#8230; Vibrez, emporter !<\/p>\n<p>Plus qu&#8217;un abri, le r\u00eave est une force \u00e0 partager.\u00a0<br \/><br \/>Alors, sans plus de fioritures, plongez dans l&#8217;univers de mon intr\u00e9pide et r\u00e9solu manuscrit (vous trouverez sur ce blog quelques extraits), en esp\u00e9rant que sa lecture vous sera gratifiante tout autant que son \u00e9criture l&#8217;a \u00e9t\u00e9 pour moi.\u00a0<\/p>\n<p>\u00a0<\/p>\t\t\t\t\t\t\t\t<\/div>\n\t\t\t\t<\/div>\n\t\t\t\t\t<\/div>\n\t\t\t\t<\/div>\n\t\t\t\t<\/div>\n\t\t","protected":false},"excerpt":{"rendered":"<p>A contre-courant Je garde comme un talisman cette phrase de Jean d\u2019Ormesson qui accompagne ma plume dans mes heures d\u2019encrage [&hellip;]<\/p>\n","protected":false},"author":1,"featured_media":0,"parent":0,"menu_order":0,"comment_status":"closed","ping_status":"closed","template":"","meta":{"_acf_changed":false,"site-sidebar-layout":"default","site-content-layout":"","ast-site-content-layout":"","site-content-style":"default","site-sidebar-style":"default","ast-global-header-display":"","ast-banner-title-visibility":"","ast-main-header-display":"","ast-hfb-above-header-display":"","ast-hfb-below-header-display":"","ast-hfb-mobile-header-display":"","site-post-title":"disabled","ast-breadcrumbs-content":"","ast-featured-img":"","footer-sml-layout":"","theme-transparent-header-meta":"","adv-header-id-meta":"","stick-header-meta":"","header-above-stick-meta":"","header-main-stick-meta":"","header-below-stick-meta":"","astra-migrate-meta-layouts":"default","ast-page-background-enabled":"default","ast-page-background-meta":{"desktop":{"background-color":"var(--ast-global-color-4)","background-image":"","background-repeat":"repeat","background-position":"center center","background-size":"auto","background-attachment":"scroll","background-type":"","background-media":"","overlay-type":"","overlay-color":"","overlay-opacity":"","overlay-gradient":""},"tablet":{"background-color":"","background-image":"","background-repeat":"repeat","background-position":"center center","background-size":"auto","background-attachment":"scroll","background-type":"","background-media":"","overlay-type":"","overlay-color":"","overlay-opacity":"","overlay-gradient":""},"mobile":{"background-color":"","background-image":"","background-repeat":"repeat","background-position":"center center","background-size":"auto","background-attachment":"scroll","background-type":"","background-media":"","overlay-type":"","overlay-color":"","overlay-opacity":"","overlay-gradient":""}},"ast-content-background-meta":{"desktop":{"background-color":"var(--ast-global-color-5)","background-image":"","background-repeat":"repeat","background-position":"center center","background-size":"auto","background-attachment":"scroll","background-type":"","background-media":"","overlay-type":"","overlay-color":"","overlay-opacity":"","overlay-gradient":""},"tablet":{"background-color":"var(--ast-global-color-5)","background-image":"","background-repeat":"repeat","background-position":"center center","background-size":"auto","background-attachment":"scroll","background-type":"","background-media":"","overlay-type":"","overlay-color":"","overlay-opacity":"","overlay-gradient":""},"mobile":{"background-color":"var(--ast-global-color-5)","background-image":"","background-repeat":"repeat","background-position":"center center","background-size":"auto","background-attachment":"scroll","background-type":"","background-media":"","overlay-type":"","overlay-color":"","overlay-opacity":"","overlay-gradient":""}},"footnotes":""},"class_list":["post-538","page","type-page","status-publish","hentry"],"acf":[],"_links":{"self":[{"href":"https:\/\/unlivre-unreve.fr\/index.php\/wp-json\/wp\/v2\/pages\/538","targetHints":{"allow":["GET"]}}],"collection":[{"href":"https:\/\/unlivre-unreve.fr\/index.php\/wp-json\/wp\/v2\/pages"}],"about":[{"href":"https:\/\/unlivre-unreve.fr\/index.php\/wp-json\/wp\/v2\/types\/page"}],"author":[{"embeddable":true,"href":"https:\/\/unlivre-unreve.fr\/index.php\/wp-json\/wp\/v2\/users\/1"}],"replies":[{"embeddable":true,"href":"https:\/\/unlivre-unreve.fr\/index.php\/wp-json\/wp\/v2\/comments?post=538"}],"version-history":[{"count":58,"href":"https:\/\/unlivre-unreve.fr\/index.php\/wp-json\/wp\/v2\/pages\/538\/revisions"}],"predecessor-version":[{"id":1638,"href":"https:\/\/unlivre-unreve.fr\/index.php\/wp-json\/wp\/v2\/pages\/538\/revisions\/1638"}],"wp:attachment":[{"href":"https:\/\/unlivre-unreve.fr\/index.php\/wp-json\/wp\/v2\/media?parent=538"}],"curies":[{"name":"wp","href":"https:\/\/api.w.org\/{rel}","templated":true}]}}