{"id":91,"date":"2024-12-27T15:27:04","date_gmt":"2024-12-27T14:27:04","guid":{"rendered":"https:\/\/unlivre-unreve.fr\/?page_id=91"},"modified":"2025-10-24T19:11:36","modified_gmt":"2025-10-24T17:11:36","slug":"chapitre-2","status":"publish","type":"page","link":"https:\/\/unlivre-unreve.fr\/index.php\/chapitre-2\/","title":{"rendered":"Chapitre II"},"content":{"rendered":"\t\t<div data-elementor-type=\"wp-page\" data-elementor-id=\"91\" class=\"elementor elementor-91\">\n\t\t\t\t<div class=\"elementor-element elementor-element-3727f09b e-flex e-con-boxed e-con e-parent\" data-id=\"3727f09b\" data-element_type=\"container\">\n\t\t\t\t\t<div class=\"e-con-inner\">\n\t\t\t\t<div class=\"elementor-element elementor-element-254b9d36 elementor-widget elementor-widget-text-editor\" data-id=\"254b9d36\" data-element_type=\"widget\" data-widget_type=\"text-editor.default\">\n\t\t\t\t<div class=\"elementor-widget-container\">\n\t\t\t\t\t\t\t\t\t\n<p class=\"has-text-align-center has-vivid-purple-color has-text-color has-link-color has-large-font-size wp-elements-70c373b56ab8093cb1a4d19d5502129f\" style=\"text-decoration: underline;\"><br \/>Chapitre II<\/p>\n\n<p class=\"has-text-align-center has-vivid-purple-color has-text-color has-link-color wp-elements-c3a6e6cfc7cf8419dd450bd8d3c999ce\" style=\"line-height: 0; text-decoration: underline;\"><strong>2e rendez-vous : 25 mai 2012\u00a0<\/strong><\/p>\n\n<p class=\"has-text-align-center has-vivid-purple-color has-text-color has-link-color wp-elements-42f522c430cd480299574a6918ab379b\" style=\"line-height: 0; text-decoration: underline;\"><strong>L\u00e0 o\u00f9 se terminent les co\u00efncidences et o\u00f9 commencent les<\/strong><strong>\u00a0 <\/strong><strong>concordances\u2026\u00a0<\/strong><\/p>\n\n<p class=\"has-vivid-cyan-blue-color has-text-color has-link-color wp-elements-4d8f952f618e9e6c6a096dd9d652f816\"><em>\u00ab Sachez qu&#8217;il y aura des hasards qui auront le go\u00fbt de destin. \u00bb <\/em><\/p>\n\n<p class=\"has-vivid-cyan-blue-color has-text-color has-link-color wp-elements-ffb6ddf003b5e6334909c6eb4ff61aa8\"><strong>Mes enfants, Gr\u00e9goire\u00a0<\/strong><\/p>\n\n<p class=\"has-text-align-center has-vivid-cyan-blue-color has-text-color has-link-color wp-elements-3f5c61e19cad41eec4cfc2ad22ce7df6\"><em>\u00ab C&#8217;est l&#8217;impr\u00e9vu que j&#8217;esp\u00e8re, et lui seul. Partout, toujours. Dans les plis d&#8217;une\u00a0 conversation, dans le gu\u00e9 d&#8217;un livre, dans les subtilit\u00e9s d&#8217;un ciel. Ce \u00e0 quoi je ne\u00a0 m&#8217;attends pas, c&#8217;est cela que j&#8217;attends.&#8221;\u00a0<\/em><\/p>\n\n<p class=\"has-text-align-right has-vivid-cyan-blue-color has-text-color has-link-color wp-elements-00799de2f6b0375be12ba2fee9a1f600\"><strong>Autoportrait au radiateur, Christian Bobin\u00a0\u00a0<\/strong><\/p>\n\n<p class=\"has-ast-global-color-8-color has-text-color has-link-color wp-elements-e9c1270585bf191799f39d96e24815d2\">Nous sommes vendredi. Dix-huit heures viennent tout juste de sonner au carillon de la\u00a0 cath\u00e9drale. C&#8217;est le signal ; Elya ach\u00e8ve son heure d\u2019aide aux devoirs et demande aux enfants\u00a0 de ranger leurs affaires. Quelques minutes plus tard et deux \u00e9tages descendus -non sans mal\u00a0 en raison de cartables bien remplis pour les enfants et, en ce qui la concerne, de deux sacs ainsi\u00a0 que d&#8217;un panier bien lourds-, ils se retrouvent finalement en bas de l&#8217;imposant b\u00e2timent, qui\u00a0 n&#8217;est rien d&#8217;autre qu&#8217;une \u00e9cole de coiffure, et dont la directrice de l&#8217;\u00e9tablissement met\u00a0 gracieusement \u00e0 la disposition d&#8217;Elya une salle pour dispenser ses cours du soir. La raison de\u00a0 cet accueil g\u00e9n\u00e9reux en ses murs ? Pour cette femme \u00e0 l\u2019exub\u00e9rance aussi prononc\u00e9e que sa\u00a0 philanthropie, c&#8217;est une occasion suppl\u00e9mentaire de faire une bonne action. Et si elle aime \u00e0 se\u00a0 porter m\u00e9c\u00e8ne de ce genre d\u2019entreprise ayant pour but d\u2019aider les enfants, c&#8217;est aussi et surtout\u00a0 parce que, selon elle, l&#8217;instruction est l\u2019un des ressorts fondamentaux de l&#8217;ambition. Une\u00a0 ambition plus que n\u00e9cessaire de nos jours si les jeunes veulent pouvoir acc\u00e9der \u00e0 des postes\u00a0 d\u2019envergure et d\u2019avenir, comme elle dit. Les deux femmes ont beau avoir deux visions\u00a0 diam\u00e9tralement oppos\u00e9es de l\u2019\u00e9ducation, Elya lui est reconnaissante de rendre possible cet\u00a0 enseignement suppl\u00e9mentaire, qui plus est en plein c\u0153ur de ville, offrant un avantage de\u00a0 pleine accessibilit\u00e9 pour tous.\u00a0<\/p>\n\n<p class=\"has-ast-global-color-8-color has-text-color has-link-color wp-elements-45a82788f1057d2f939afa350889abb1\">Il faut dire que pour Elya, \u00eatre en contact avec les enfants est un pur bonheur. A l&#8217;origine, c&#8217;est\u00a0 m\u00eame pr\u00e9cis\u00e9ment cette candeur enfantine qui a suscit\u00e9 sa vocation. Bien s\u00fbr dans ce choix\u00a0 d&#8217;enseigner, il y a aussi l&#8217;envie de transmettre ce qu&#8217;elle a elle-m\u00eame d\u00e9couvert dans le travail\u00a0et gr\u00e2ce \u00e0 lui : non seulement le go\u00fbt d&#8217;apprendre et d&#8217;accro\u00eetre ses facult\u00e9s intellectuelles mais\u00a0 encore l\u2019authentique satisfaction des efforts qui se voient un jour r\u00e9compens\u00e9s. Alors, m\u00eame\u00a0 si faire la classe est un m\u00e9tier plus que chronophage et m\u00eame si le grand groupe lui demande\u00a0 de plus en plus d&#8217;\u00e9nergie au fil des ann\u00e9es -les \u00e9l\u00e8ves d&#8217;aujourd&#8217;hui n&#8217;ayant rien \u00e0 voir avec\u00a0 ceux d&#8217;hier ! -, pour elle, rien ne vaut de partager le monde frais et vrai de l&#8217;insouciance. Rester\u00a0 dans la curiosit\u00e9 et l&#8217;\u00e9merveillement, l&#8217;esprit toujours en qu\u00eate de d\u00e9couverte, de cr\u00e9ation et\u00a0 d&#8217;amusement, telle pourrait \u00eatre sa devise qui ne serait pas uniquement professionnelle. C\u2019est\u00a0 pourquoi elle appr\u00e9cie d&#8217;autant plus ce temps, en petit comit\u00e9 restreint d&#8217;enfants, o\u00f9 elle peut\u00a0 r\u00e9pondre aux besoins de chacun. C&#8217;est comme une parenth\u00e8se consolidante qu\u2019elle peut ouvrir\u00a0 &#8211; avec cette touche r\u00e9confortante et motivante- propice \u00e0 la diff\u00e9renciation. Une possibilit\u00e9\u00a0 d&#8217;individualisation qui lui fait souvent d\u00e9faut dans sa classe du fait des effectifs scolaires\u00a0 devenus trop importants. Elle en \u00e9prouve d\u2019ailleurs beaucoup de frustration : en effet, elle ne\u00a0 sait comment un enseignant peut se satisfaire de savoir pr\u00e9cis\u00e9ment ce dont un \u00e9l\u00e8ve a besoin\u00a0 mais de ne pas pouvoir lui apporter ? De ce fait, elle saisit \u00e0 sa juste valeur ce moment o\u00f9 les\u00a0 enfants sont plus calmes, autour d&#8217;elle, conscients de leur chance d&#8217;\u00eatre accompagn\u00e9s, voire\u00a0 demandeurs d&#8217;aide et d\u00e9sireux de comprendre. Elle y retrouve, avec joie, l&#8217;essence m\u00eame de\u00a0 ce m\u00e9tier qu&#8217;elle a avant tout choisi parce qu&#8217;il correspond \u00e0 un id\u00e9al qu&#8217;elle ch\u00e9rit : celui de\u00a0 donner du temps et du c\u0153ur pour accompagner des \u00eatres en devenir, pour les aider \u00e0 acc\u00e9der\u00a0 aux cl\u00e9s de la libert\u00e9 intellectuelle qui repr\u00e9sente pour elle la plus grande libert\u00e9 qui soit puisque seul le libre arbitre est capable de nous rendre acteur de nos vies.\u00a0<\/p>\n\n<p class=\"has-ast-global-color-2-color has-text-color has-link-color wp-elements-d06be12c330bb93c88e232afbb659591\">18h07. Elya ouvre la porte qui donne sur la rue, laisse passer les enfants puis referme\u00a0 pr\u00e9cautionneusement \u00e0 clef comme il lui a \u00e9t\u00e9 demand\u00e9. Ce n&#8217;est qu&#8217;une fois la t\u00e2che accomplie\u00a0 qu&#8217;elle se retourne pour v\u00e9rifier que le demi-cercle habituel form\u00e9 par les parents autour de\u00a0 l&#8217;entr\u00e9e est bien l\u00e0. Oui, ils sont bien l\u00e0, souriants, certainement soulag\u00e9s d&#8217;\u00eatre d\u00e9lest\u00e9s d&#8217;une\u00a0 grande partie de ces maudits devoirs si souvent porteurs de houle \u00e0 la maison ; soulag\u00e9s donc\u00a0 et pr\u00eats \u00e0 r\u00e9cup\u00e9rer leur prog\u00e9niture, \u00ab ses petits prot\u00e9g\u00e9s \u00bb comme la ma\u00eetresse aime \u00e0 les\u00a0 appeler. Un petit compte-rendu aux familles s\u2019impose cependant ; Elya, compr\u00e9hensive, s\u2019y\u00a0 plie de bonne gr\u00e2ce. Les enfants, eux, commencent \u00e0 saturer et le font remarquer aux adultes\u00a0 en adoptant un comportement des plus \u00e9tranges : saut \u00e0 cloche-pied, lancer de balle\u00a0 imaginaire, affalement sur le trottoir\u2026 Chacun y va de sa technique ! Apr\u00e8s un \u00e9change -aussi\u00a0 bref que possible- car oui, la journ\u00e9e a \u00e9t\u00e9 bien longue pour tous, Elya se dirige enfin, un peu\u00a0 lasse mais par-dessus tout contente d&#8217;avoir pu se rendre utile, vers l&#8217;\u00e9cole o\u00f9 elle doit encore\u00a0 laisser \u00e0 l\u2019accueil deux des enfants de son groupe dont les horaires de travail des parents sont\u00a0 plus tardifs que les autres. Elle ne rechigne pas \u00e0 reconduire ces petits derniers \u00e0 leur \u00e9cole car\u00a0 finir tard, elle sait ce que c\u2019est. Bruno, son compagnon, lui-m\u00eame revient souvent du poste\u00a0 qu\u2019il occupe \u00e0 l\u2019h\u00f4pital \u00e0 des heures indues; c&#8217;est donc \u00e0 elle que revient la t\u00e2che tous les soirs\u00a0 d&#8217;aller ensuite chercher leur fille chez la nounou. Elya se dit qu&#8217;elle encha\u00eene des journ\u00e9es non stop aupr\u00e8s des enfants mais elle ne s\u2019en plaint pas car, au fond, \u00e7a lui va bien.<\/p>\n\n<p class=\"has-ast-global-color-2-color has-text-color has-link-color wp-elements-96662e9154e908f9bd29aadd3e6d8bd1\">Elle n&#8217;a pas fait plus de dix pas, qu&#8217;elle entend derri\u00e8re elle une voix enfantine et fl\u00fbt\u00e9e se\u00a0 d\u00e9tacher. Une voix tout-\u00e0-fait famili\u00e8re :\u00ab <em>Ma\u00eetreSSSSSeeeuu <\/em>!!! \u00bb. L\u2019intonation enjou\u00e9e et\u00a0 appuy\u00e9e est parfaitement reconnaissable ; ce mot r\u00e9sume tant de choses pour les enfants ! Elle\u00a0 est toujours \u00e9tonn\u00e9e et attendrie de constater que ses \u00e9l\u00e8ves peuvent le dire ou le crier autant\u00a0 de fois qu&#8217;ils la voient dans la journ\u00e9e, sans m\u00eame s&#8217;en rendre compte. C&#8217;est pourtant tout-\u00e0\u00a0fait normal, elle le sait, c&#8217;est leur fa\u00e7on \u00e0 eux d&#8217;obtenir toute son attention, ce mot, dans leur\u00a0 langage, veut dire \u00ab <em>H\u00e9, regarde-moi, je suis l\u00e0 <\/em>!\u00bb. \u00c9videmment qu&#8217;ils ont besoin de cette\u00a0 attention-l\u00e0 pour pousser, comme les plantes s&#8217;\u00e9panouissent gr\u00e2ce \u00e0 l&#8217;eau et \u00e0 la lumi\u00e8re\u00a0 qu&#8217;elles re\u00e7oivent.\u00a0<\/p>\n\n<p class=\"has-ast-global-color-2-color has-text-color has-link-color wp-elements-a3d1960d37c3a856cd844b9199bde40b\">Elle se retourne et aper\u00e7oit Sarah qui lui sourit de loin. Mais ce n&#8217;est pas tout, car elle n&#8217;est pas\u00a0 seule&#8230; Marine est l\u00e0 \u00e9galement, ainsi qu&#8217;Estevan&#8230; Et tout ce beau petit monde, enlac\u00e9 dans\u00a0 les bras protecteurs paternels, se dirige vers elle, \u00e0 grands pas, pour la rejoindre. Tandis que\u00a0 leurs silhouettes se rapprochent, trois paires de beaux yeux bleus se braquent sur elle ; une\u00a0 timidit\u00e9 fugace la traverse alors, de fa\u00e7on \u00e9trange, \u00e0 la vision de celui, heureux, qui se trouve\u00a0 au milieu. Inconsciemment, elle porte un coup d&#8217;\u0153il rapide sur sa tenue du jour et cela la\u00a0 rassure un peu : elle se dit qu&#8217;elle a \u00e9t\u00e9 bien inspir\u00e9e ce matin de rev\u00eatir l&#8217;une de ses robes\u00a0 favorites. C&#8217;est stupide mais ce d\u00e9tail l&#8217;aide \u00e0 prendre confiance en elle. A moins que ce ne soit\u00a0 l&#8217;envie de para\u00eetre \u00e0 son avantage. Assez curieuse cette envie d&#8217;ailleurs&#8230; Ce n&#8217;est certes pas le\u00a0 moment de s&#8217;y appesantir mais peut-\u00eatre faudra-t-il qu&#8217;elle \u00e9lucide ce point-l\u00e0 quand m\u00eame,\u00a0 un peu plus tard\u2026\u00a0<\/p>\n\n<p class=\"has-ast-global-color-2-color has-text-color has-link-color wp-elements-9acafd7a9cdadbdf0bdfb186a34da2f9\">&#8211; Bonjour\u2026, vous allez bien ? lance-t-il tout sourire en arrivant \u00e0 sa hauteur pour\u00a0 s\u2019emparer de sa main et la serrer avec chaleur.\u00a0Et dans un \u00e9lan vrai, \u2013 l\u2019espace d\u2019une seconde- sa deuxi\u00e8me main vient renforcer cette poign\u00e9e en la recouvrant.<\/p>\n\n<p class=\"has-ast-global-color-2-color has-text-color has-link-color wp-elements-ace37e564b10c5564d7f3987b07b574c\">&#8211; Oui, merci, a-t-elle tout juste le temps de r\u00e9pondre avant d&#8217;\u00eatre coup\u00e9e par\u00a0l\u2019enthousiasme d\u00e9bordant d&#8217;une Sarah toujours expansive :\u00a0<\/p>\n\n<p class=\"has-ast-global-color-2-color has-text-color has-link-color wp-elements-e1751b51e757cc2de87449cd40de5ee7\">&#8211; Bonjour Ma\u00eetresse ! articule celle-ci plus que r\u00e9jouie d&#8217;\u00eatre l&#8217;auteur et la vedette de cette\u00a0rencontre inattendue.\u00a0<\/p>\n\n<p class=\"has-ast-global-color-2-color has-text-color has-link-color wp-elements-ba03633eae2f1f61f42e233cab72dfa9\">&#8211; Oui, bonjour Sarah, c&#8217;est vrai que \u00e7a faisait longtemps qu&#8217;on ne s&#8217;\u00e9tait pas vu, la\u00a0 taquine-t-elle gentiment.\u00a0<\/p>\n\n<p class=\"has-vivid-cyan-blue-color has-text-color has-link-color wp-elements-fd1ff32f6d86f6cc54d0ac958d29578f\" style=\"line-height: 0;\">\u00a0<\/p>\n\n<p class=\"has-vivid-cyan-blue-color has-text-color has-link-color wp-elements-616ecdf54246e65b26aa0a6fb88e3b6c\" style=\"line-height: 0;\"><a href=\"https:\/\/www.youtube.com\/embed\/VOCQLs9WR-M?si=YHzoNhJyHrsBA7Nk&amp;start=199\">https:\/\/www.youtube.com\/embed\/VOCQLs9WR-M?si=YHzoNhJyHrsBA7Nk&amp;start=199<\/a><\/p>\n\n<p class=\"has-vivid-cyan-blue-color has-text-color has-link-color wp-elements-fd1ff32f6d86f6cc54d0ac958d29578f\" style=\"line-height: 0;\">\u00a0<\/p>\n\n<p class=\"has-vivid-cyan-blue-color has-text-color has-link-color wp-elements-e7eb77f936cae722d561a57fb80cd7fc\" style=\"line-height: 0;\">Ne reste pas seul, Calogero<\/p>\n\n<p>\u00a0<\/p>\n\t\t\t\t\t\t\t\t<\/div>\n\t\t\t\t<\/div>\n\t\t\t\t\t<\/div>\n\t\t\t\t<\/div>\n\t\t\t\t<\/div>\n\t\t","protected":false},"excerpt":{"rendered":"<p>Chapitre II 2e rendez-vous : 25 mai 2012\u00a0 L\u00e0 o\u00f9 se terminent les co\u00efncidences et o\u00f9 commencent les\u00a0 concordances\u2026\u00a0 \u00ab [&hellip;]<\/p>\n","protected":false},"author":1,"featured_media":0,"parent":0,"menu_order":0,"comment_status":"open","ping_status":"closed","template":"","meta":{"_acf_changed":false,"site-sidebar-layout":"default","site-content-layout":"","ast-site-content-layout":"","site-content-style":"default","site-sidebar-style":"default","ast-global-header-display":"","ast-banner-title-visibility":"","ast-main-header-display":"","ast-hfb-above-header-display":"","ast-hfb-below-header-display":"","ast-hfb-mobile-header-display":"","site-post-title":"disabled","ast-breadcrumbs-content":"","ast-featured-img":"","footer-sml-layout":"","theme-transparent-header-meta":"","adv-header-id-meta":"","stick-header-meta":"","header-above-stick-meta":"","header-main-stick-meta":"","header-below-stick-meta":"","astra-migrate-meta-layouts":"default","ast-page-background-enabled":"default","ast-page-background-meta":{"desktop":{"background-color":"var(--ast-global-color-4)","background-image":"","background-repeat":"repeat","background-position":"center center","background-size":"auto","background-attachment":"scroll","background-type":"","background-media":"","overlay-type":"","overlay-color":"","overlay-opacity":"","overlay-gradient":""},"tablet":{"background-color":"","background-image":"","background-repeat":"repeat","background-position":"center center","background-size":"auto","background-attachment":"scroll","background-type":"","background-media":"","overlay-type":"","overlay-color":"","overlay-opacity":"","overlay-gradient":""},"mobile":{"background-color":"","background-image":"","background-repeat":"repeat","background-position":"center center","background-size":"auto","background-attachment":"scroll","background-type":"","background-media":"","overlay-type":"","overlay-color":"","overlay-opacity":"","overlay-gradient":""}},"ast-content-background-meta":{"desktop":{"background-color":"var(--ast-global-color-5)","background-image":"","background-repeat":"repeat","background-position":"center center","background-size":"auto","background-attachment":"scroll","background-type":"","background-media":"","overlay-type":"","overlay-color":"","overlay-opacity":"","overlay-gradient":""},"tablet":{"background-color":"var(--ast-global-color-5)","background-image":"","background-repeat":"repeat","background-position":"center center","background-size":"auto","background-attachment":"scroll","background-type":"","background-media":"","overlay-type":"","overlay-color":"","overlay-opacity":"","overlay-gradient":""},"mobile":{"background-color":"var(--ast-global-color-5)","background-image":"","background-repeat":"repeat","background-position":"center center","background-size":"auto","background-attachment":"scroll","background-type":"","background-media":"","overlay-type":"","overlay-color":"","overlay-opacity":"","overlay-gradient":""}},"footnotes":""},"class_list":["post-91","page","type-page","status-publish","hentry"],"acf":[],"_links":{"self":[{"href":"https:\/\/unlivre-unreve.fr\/index.php\/wp-json\/wp\/v2\/pages\/91","targetHints":{"allow":["GET"]}}],"collection":[{"href":"https:\/\/unlivre-unreve.fr\/index.php\/wp-json\/wp\/v2\/pages"}],"about":[{"href":"https:\/\/unlivre-unreve.fr\/index.php\/wp-json\/wp\/v2\/types\/page"}],"author":[{"embeddable":true,"href":"https:\/\/unlivre-unreve.fr\/index.php\/wp-json\/wp\/v2\/users\/1"}],"replies":[{"embeddable":true,"href":"https:\/\/unlivre-unreve.fr\/index.php\/wp-json\/wp\/v2\/comments?post=91"}],"version-history":[{"count":38,"href":"https:\/\/unlivre-unreve.fr\/index.php\/wp-json\/wp\/v2\/pages\/91\/revisions"}],"predecessor-version":[{"id":1645,"href":"https:\/\/unlivre-unreve.fr\/index.php\/wp-json\/wp\/v2\/pages\/91\/revisions\/1645"}],"wp:attachment":[{"href":"https:\/\/unlivre-unreve.fr\/index.php\/wp-json\/wp\/v2\/media?parent=91"}],"curies":[{"name":"wp","href":"https:\/\/api.w.org\/{rel}","templated":true}]}}